{"id":2147,"date":"2016-04-25T17:26:31","date_gmt":"2016-04-25T17:26:31","guid":{"rendered":"http:\/\/germany.ul.com\/?page_id=2147"},"modified":"2016-04-26T20:00:49","modified_gmt":"2016-04-26T20:00:49","slug":"industrie-4-0-eine-realitat-die-wir-sehen-konnen-und-die-unsere-welt-verandern-wird","status":"publish","type":"page","link":"https:\/\/germany.ul.com\/en\/hannover-messe-2016\/blog\/industrie-4-0-eine-realitat-die-wir-sehen-konnen-und-die-unsere-welt-verandern-wird\/","title":{"rendered":"Industrie 4.0 &#8211; Eine Realit\u00e4t, die wir sehen k\u00f6nnen und die unsere Welt ver\u00e4ndern wird"},"content":{"rendered":"<p>Eine Zeit f\u00fcr Kooperation und starke Unterst\u00fctzung f\u00fcr Innovation<\/p>\n<p>Bei der Er\u00f6ffnungsfeier der Hannover Messe 2016 am gestrigen Abend waren einige Botschaften sehr laut und deutlich zu vernehmen, vor allem aber lag der Fokus auf dem Nutzen und der Notwendigkeit einer weiterhin engen internationalen Zusammenarbeit, insbesondere zwischen Europa und den USA.<\/p>\n<p>Hier einige wichtige Aussagen:<\/p>\n<p>Kanzlerin Angela Merkel erkl\u00e4rte, dass \u201estarke Verbindungen zwischen den USA und Deutschland zum Erfolg und Wachstum beider Nationen beitragen und dass deutsche Arbeitgeber in den USA &#8211; \u00a0und amerikanische Arbeitgeber in Deutschland -Hunderttausende von Arbeitspl\u00e4tzen schaffen.&#8221;<\/p>\n<p>Pr\u00e4sident Obama erkl\u00e4rte, dass \u201edie Vorteile des Handels vielf\u00e4ltig sind und allen nutzen, wenn der Handel richtig durchgef\u00fchrt wird. Wir <em>k\u00f6nnen<\/em> das, wenn wir es richtig machen: durch bessere Normen, durch Schutz der Verbraucher, und durch mehr Umweltschutz, wenn auch zugleich die Barrieren f\u00fcr jene Unternehmen reduziert werden, die global aktiv sein m\u00f6chten.&#8221;<\/p>\n<p>Am ersten Tag der Messe war das dynamische und konkrete Wachstum von Industrie 4.0 (auch bekannt als das \u201eInternet der Dinge\u201c) un\u00fcbersehbar. Zusammen mit diesem Wachstum entsteht ein Bewusstsein daf\u00fcr, welche Herausforderungen diese Ver\u00e4nderungen mit sich bringen werden. Beim High-Level-Panel \u201eInternational Cooperation &#8211; Industry 4.0 and the Industrial Internet\u201c zum Beispiel sprachen wichtige Pers\u00f6nlichkeiten aus Politik und Wirtschaft einerseits \u00fcber das Wachstum bei vernetzten Ger\u00e4ten, aber auch \u00fcber die Notwendigkeit, \u00fcber die Sicherheit solcher Ger\u00e4te nachzudenken. UL unterst\u00fctzt diesen Fokus auf Sicherheit \u2013 zum Beispiel mit dem neuen <a href=\"https:\/\/www.ulstage.com\/cybersecurity\" target=\"_blank\">Cybersecurity Assurance Program<\/a> (UL CAP).<\/p>\n<p>Eine weitere Botschaft, die nicht zu \u00fcberh\u00f6ren war, galt den Unterschieden der aufsichtsrechtlichen Systeme in den USA und der EU. In diesem Zusammenhang ist es wichtig zu verstehen, dass es bei dem zurzeit diskutierten Freihandelsabkommen nicht darum geht, diese Systeme zu ver\u00e4ndern, sondern darum, Wege f\u00fcr mehr Handel zu finden und dabei die Unterschiede dieser Systeme zu respektieren.<\/p>\n<p>Bundeskanzlerin Dr. Angela Merkel stellte in ihrer Rede bei der Er\u00f6ffnungsfeier fest, dass \u201edie digitale Agenda mit der industriellen Produktion verschmilzt, was wir Industrie 4.0 oder Internet der Dinge nennen.&#8221; Das bedeutet, dass wir zusammenarbeiten m\u00fcssen, um sicherzustellen, dass die Menschen wie auch die Werkzeuge auf das industrielle Internet der Dinge (IIoT) vorbereitet sind und \u00fcber die geeigneten Mittel und Sicherheitsvorkehrungen f\u00fcr sein Gedeihen verf\u00fcgen.<\/p>\n<p>F\u00fcr den President und CEO von UL, Keith Williams, besteht die gro\u00dfe Einsicht\u00a0darin, dass \u201ees sehr spannend ist. Wir haben jetzt das f\u00fcnfte Jahr von <em>Industrie 4.0<\/em>\u00a0erreicht und sehen auf dieser Messe ganz klar, dass dies jetzt\u00a0eine konkrete\u00a0Realit\u00e4t ist, und zwar eine Realit\u00e4t, die unsere Welt in dramatischer Weise ver\u00e4ndern wird.&#8221;<\/p>\n","protected":false},"excerpt":{"rendered":"<p>https:\/\/www.ulstage.com\/wp-content\/themes\/countries\/img\/hannover-messe\/blog\/Dagmar-Day-01.jpg<\/p>\n","protected":false},"author":328,"featured_media":0,"parent":2003,"menu_order":0,"comment_status":"open","ping_status":"open","template":"page-hanmesse-blogpost-de.php","meta":{"_acf_changed":false,"inline_featured_image":false,"footnotes":""},"class_list":["post-2147","page","type-page","status-publish","hentry"],"acf":[],"_links":{"self":[{"href":"https:\/\/germany.ul.com\/en\/wp-json\/wp\/v2\/pages\/2147","targetHints":{"allow":["GET"]}}],"collection":[{"href":"https:\/\/germany.ul.com\/en\/wp-json\/wp\/v2\/pages"}],"about":[{"href":"https:\/\/germany.ul.com\/en\/wp-json\/wp\/v2\/types\/page"}],"author":[{"embeddable":true,"href":"https:\/\/germany.ul.com\/en\/wp-json\/wp\/v2\/users\/328"}],"replies":[{"embeddable":true,"href":"https:\/\/germany.ul.com\/en\/wp-json\/wp\/v2\/comments?post=2147"}],"version-history":[{"count":0,"href":"https:\/\/germany.ul.com\/en\/wp-json\/wp\/v2\/pages\/2147\/revisions"}],"up":[{"embeddable":true,"href":"https:\/\/germany.ul.com\/en\/wp-json\/wp\/v2\/pages\/2003"}],"wp:attachment":[{"href":"https:\/\/germany.ul.com\/en\/wp-json\/wp\/v2\/media?parent=2147"}],"curies":[{"name":"wp","href":"https:\/\/api.w.org\/{rel}","templated":true}]}}

Industrie 4.0 &#8211; Eine Realität, die wir sehen können und die unsere Welt verändern wird

<p>Eine Zeit für Kooperation und starke Unterstützung für Innovation</p>
<p>Bei der Eröffnungsfeier der Hannover Messe 2016 am gestrigen Abend waren einige Botschaften sehr laut und deutlich zu vernehmen, vor allem aber lag der Fokus auf dem Nutzen und der Notwendigkeit einer weiterhin engen internationalen Zusammenarbeit, insbesondere zwischen Europa und den USA.</p>
<p>Hier einige wichtige Aussagen:</p>
<p>Kanzlerin Angela Merkel erklärte, dass „starke Verbindungen zwischen den USA und Deutschland zum Erfolg und Wachstum beider Nationen beitragen und dass deutsche Arbeitgeber in den USA &#8211;  und amerikanische Arbeitgeber in Deutschland -Hunderttausende von Arbeitsplätzen schaffen.&#8221;</p>
<p>Präsident Obama erklärte, dass „die Vorteile des Handels vielfältig sind und allen nutzen, wenn der Handel richtig durchgeführt wird. Wir <em>können</em> das, wenn wir es richtig machen: durch bessere Normen, durch Schutz der Verbraucher, und durch mehr Umweltschutz, wenn auch zugleich die Barrieren für jene Unternehmen reduziert werden, die global aktiv sein möchten.&#8221;</p>
<p>Am ersten Tag der Messe war das dynamische und konkrete Wachstum von Industrie 4.0 (auch bekannt als das „Internet der Dinge“) unübersehbar. Zusammen mit diesem Wachstum entsteht ein Bewusstsein dafür, welche Herausforderungen diese Veränderungen mit sich bringen werden. Beim High-Level-Panel „International Cooperation &#8211; Industry 4.0 and the Industrial Internet“ zum Beispiel sprachen wichtige Persönlichkeiten aus Politik und Wirtschaft einerseits über das Wachstum bei vernetzten Geräten, aber auch über die Notwendigkeit, über die Sicherheit solcher Geräte nachzudenken. UL unterstützt diesen Fokus auf Sicherheit – zum Beispiel mit dem neuen <a href="https://www.ulstage.com/cybersecurity" target="_blank">Cybersecurity Assurance Program</a> (UL CAP).</p>
<p>Eine weitere Botschaft, die nicht zu überhören war, galt den Unterschieden der aufsichtsrechtlichen Systeme in den USA und der EU. In diesem Zusammenhang ist es wichtig zu verstehen, dass es bei dem zurzeit diskutierten Freihandelsabkommen nicht darum geht, diese Systeme zu verändern, sondern darum, Wege für mehr Handel zu finden und dabei die Unterschiede dieser Systeme zu respektieren.</p>
<p>Bundeskanzlerin Dr. Angela Merkel stellte in ihrer Rede bei der Eröffnungsfeier fest, dass „die digitale Agenda mit der industriellen Produktion verschmilzt, was wir Industrie 4.0 oder Internet der Dinge nennen.&#8221; Das bedeutet, dass wir zusammenarbeiten müssen, um sicherzustellen, dass die Menschen wie auch die Werkzeuge auf das industrielle Internet der Dinge (IIoT) vorbereitet sind und über die geeigneten Mittel und Sicherheitsvorkehrungen für sein Gedeihen verfügen.</p>
<p>Für den President und CEO von UL, Keith Williams, besteht die große Einsicht darin, dass „es sehr spannend ist. Wir haben jetzt das fünfte Jahr von <em>Industrie 4.0</em> erreicht und sehen auf dieser Messe ganz klar, dass dies jetzt eine konkrete Realität ist, und zwar eine Realität, die unsere Welt in dramatischer Weise verändern wird.&#8221;</p>
